
True
Suppose -2*u + 4*l + 2 = 0, -u - 36 = -4*u - 5*l. Is 2/u - (-636)/28 a prime number?
True
Let c(t) be the second derivative of -t**5/20 - 3*t**4/4 + t**3/6 - t**2/2 - 4*t. Is c(-10) a composite number?
False
Let q = -5 + 312. Is q a composite number?
False
Let t(h) = -36*h**3 + h**2 - 2. Let i(k) = 144*k**3 - 5*k**2 + 9. Let d(f) = -2*i(f) - 9*t(f). Is d(1) composite?
False
Suppose 2*b + 2*z + 2*z = 874, -4*b = 3*z - 1763. Is b composite?
False
Suppose -4*n + 21 = -n. Let v(c) = -c**3 + 8*c**2 - 4*c - 7. Is v(n) composite?
True
Suppose -y - 19566 = 3*y - 2*h, -2*y - 2*h = 9774. Is (6/9)/((-4)/y) composite?
True
Let q(w) = w**2 + 3*w. Let c be q(-5). Let l be -2*1 + c - 0. Let j(z) = 2*z - 5. Is j(l) a composite number?
False
Let z = 0 + 3. Suppose 32 = z*u - u - 5*b, -3*u = 4*b - 71. Is u a composite number?
True
Let t = 6 + -3. Let r = -66 + 136. Suppose 0 = t*f + 2*f - r. Is f a prime number?
False
Let x be 3510/25 + (-2)/5. Suppose x = 5*y - 245. Is y a composite number?
True
Let t(r) = 103*r**2 + 4*r + 3. Suppose 5*w - 1 = -11. Is t(w) a composite number?
True
Let u = -1291 - -1959. Is 8/(-24) + u/6 prime?
False
Suppose -3*l = -6*l + 369. Is l + (0/(-4))/(-1) composite?
True
Suppose -158 = -5*u - 3*y, 2*y - 5 = -3*y. Is u a composite number?
False
Let a(n) = 4*n + 3. Let x(k) = k**2 - 2*k - 11. Let q be x(5). Is a(q) a composite number?
False
Suppose 2*x + 4*f = 304 + 66, 2*f = 2*x - 370. Is x composite?
True
Suppose 3*v - 100 = -q - q, 0 = 4*q - v - 172. Suppose -q = 3*t - 425. Is t composite?
False
Let h(t) = -2*t. Let m be h(-3). Suppose 845 = 4*x + 5*j, -5*x + 1081 = -m*j + 4*j. Is x prime?
False
Let g = 1072 - 449. Is g prime?
False
Let i(u) be the third derivative of -u**6/120 + 2*u**5/15 + 7*u**4/24 + 11*u**3/6 + u**2. Let v be 3/(-2*(-6)/32). Is i(v) a composite number?
False
Let h be 3/(-1) - (-1 - 2). Suppose d - 15 = -4*d. Suppose d*k = v - h*v - 182, -2*v - 3*k = -391. Is v a composite number?
False
Let q(m) = -6*m - 11. Let n = -20 + 9. Is q(n) prime?
False
Let b = -34 - -65. Is b prime?
True
Suppose -5*l = 3*d - 2*l + 45, 5*d = -3*l - 69. Let q = d - 73. Let f = q - -212. Is f a composite number?
False
Let d(y) = y**2 - 6*y + 3. Let s be d(6). Suppose -n + 0 = -s. Is 15*(5/n + -1) prime?
False
Suppose 2*r - c = 4*c + 199, 4*c = 5*r - 455. Is r prime?
False
Suppose 2*w = 4*q + 10182, q + q - 5107 = -w. Is w a composite number?
False
Let t = 7 + -7. Suppose t = -m - m + 226. Is m composite?
False
Suppose -4*s + 4404 = 2*t, -4*t + 4330 + 82 = 4*s. Is s a prime number?
False
Suppose 2*p - 5260 = -3*b, 4*b - b + 2639 = p. Is p a composite number?
False
Let l be -6*1*(-2)/(-2). Let q(d) = -4*d - 6. Let u be q(l). Suppose 2*i - u - 4 = 0. Is i a prime number?
True
Let t(z) = -6*z - 2 + 4 - 4*z**2 + 3*z**2. Let k be t(-6). Suppose k*l + 4 = 32. Is l composite?
True
Let j(c) = c**2 - 8*c + 7. Let k be j(7). Let z be (-1)/(-2 - 10/(-6)). Let u = z - k. Is u a composite number?
False
Let m(p) = p**3 + 12*p**2 - 6*p - 12. Let y be m(-11). Let l = y - 96. Is l a composite number?
False
Is -4*2/(-16)*1726 composite?
False
Suppose 0 = -7*x + x + 1122. Is x composite?
True
Let i be 2/(-12) - 50/(-12). Suppose -3*k = d - 44, 253 = 5*d - 0*k + i*k. Is d prime?
True
Let w(t) = t - 3. Let m be w(-4). Is 2/(-7) + (-1143)/m a prime number?
True
Let z(c) = 28*c - 13. Is z(8) a prime number?
True
Let a(x) = 0 + 0 - 3 - x**2 - 7*x. Let f be a(-4). Is (f/(-4))/((-15)/40) a composite number?
True
Suppose -2*x + 60 + 106 = 0. Is x a prime number?
True
Suppose -2*i + 4628 = 2*n - 0*i, -3*n + 6960 = -3*i. Is n a composite number?
True
Suppose 0*r + 8 = 2*r. Let b be (-410)/(-3) - r/6. Let l = -83 + b. Is l a prime number?
True
Suppose -3*j = 2*n - 481, 5*j + 0*n - 2*n = 823. Is j composite?
False
Suppose 544 = x - 0*x. Let w be x/6 + (-12)/18. Suppose 5*z - w - 15 = 0. Is z composite?
True
Suppose 2*m + 853 = 2*i - 709, 791 = -m + 3*i. Is (-1)/(-3 + m/(-260)) a prime number?
False
Let z(v) = -2*v - 26. Let j be z(-16). Let k be (6/4)/(6/104). Is ((-9)/j - -2)*k a prime number?
True
Suppose -c + 807 = 2*n - 0*n, 2*n + 1584 = 2*c. Is c prime?
True
Let n(r) = -r**3 - 7*r**2 - 14*r + 15. Is n(-13) prime?
False
Let j = 252 - -915. Is j prime?
False
Let n = -2750 + 7839. Is n composite?
True
Suppose 3*x - 46 = p + 150, 0 = -3*x + 4*p + 208. Suppose -2*s + x = -10. Is s prime?
True
Let i(h) = -87*h + 17. Let x be i(-13). Suppose -x = -3*o + 91. Is o a prime number?
False
Let j(h) = 2*h**2 - 4*h - 1. Is j(-5) a composite number?
True
Let u(x) = 0*x - 3*x**3 + 3 - x**2 - 2 + x. Is u(-2) prime?
True
Suppose 3*w + 4*n - 345 = 0, -4*n = -7*n. Is w prime?
False
Let v(d) = 8*d. Let l(p) = -2*p. Let g(w) = -9*l(w) - 2*v(w). Is g(11) prime?
False
Let d(f) = 14*f - 1. Suppose -4*q + 5*q = 1. Is d(q) a composite number?
False
Let m be (-4)/6 - 4/(-6). Suppose x - 252 - 303 = m. Suppose -h + 4*h = x. Is h composite?
True
Suppose 2*r + j - 315 = 0, 3*j = -5*r - 2*j + 800. Is r a composite number?
True
Let a(c) = c**2 + c + 14. Let n be a(6). Suppose n = 5*q - 59. Is q composite?
False
Let i(a) = 68*a + 6. Is i(4) a prime number?
False
Let z(i) = -i**2 - 3*i. Let v be z(-3). Suppose 5*u - 4*t + v*t = 210, -2*t - 86 = -2*u. Is u prime?
False
Let w = 2298 - 677. Is w a composite number?
False
Let x = 55 + 39. Is x a prime number?
False
Let t be ((-3)/6)/((-2)/(-12)). Is 4/2 - (t + -46) prime?
False
Let z(s) = -11*s + 2. Suppose 5*l + 15 = 0, 0 = -3*y + 2*l - 4*l - 27. Is z(y) a prime number?
True
Let k = 136 - -2323. Is k composite?
False
Suppose -4*o = -o - 12. Suppose -3*v + 6 = 0, -3*v = -4*x + 3 + 3. Suppose -o*z + 0*z = j - 884, -x*j = 0. Is z prime?
False
Let i be ((-57)/(-3))/((-1)/(-10)). Suppose 0 = 5*o + i + 5. Is ((-2)/(-2))/((-3)/o) composite?
False
Let z be 0 + (2 - 0/(-1)). Let b be z*-46*(-2)/4. Suppose 4*m = -2*c + b, c - 4*m = -2 + 25. Is c a composite number?
False
Let m(x) = -2*x**3 - x**2. Let i be m(-2). Is (-3)/18 - (-266)/i a prime number?
False
Let p(k) be the first derivative of -83*k**2/2 - 3*k - 1. Is p(-2) a composite number?
False
Let p(k) = -k**3 - 5*k**2 + 7*k + 8. Let b be p(-6). Let f(h) = -h - 1 + 13*h**2 + 4*h - 2*h. Is f(b) prime?
True
Let z(j) = -11*j + 18. Is z(-13) a composite number?
True
Let v(a) = 3*a + 18. Let q(c) = c + 6. Let n(j) = 8*q(j) - 3*v(j). Let z be n(6). Is 1/(-1) - (2 + z) a prime number?
False
Let c(r) = -r**3 + 6*r**2 - 2*r + 6. Let v be c(4). Suppose -5*y + v = 5. Suppose y*l + n = 334, 2*l + 3*l = 5*n + 340. Is l composite?
False
Suppose 5856 + 14652 = 12*m. Is m composite?
False
Let c(r) = -r**2 + 1 - 3 + 3 - 4 - 2*r. Let q be c(-4). Let s = q + 36. Is s a composite number?
True
Suppose -3*l + 46 = 4*a, -a + 0*l = -l - 8. Is ((-743)/2)/((-5)/a) composite?
False
Suppose -g + 2 = -0. Suppose 8 - 82 = -g*b. Is b composite?
False
Is ((-1)/2)/((-34)/76364) prime?
True
Is (21 + -1)*411/12 a prime number?
False
Let p = 7 - 5. Suppose -3*f = -p*f. Suppose 5*j - 120 = j + 5*z, -j + 2*z + 27 = f. Is j a composite number?
True
Suppose 3*k = 5*x - 113, -2*k + 3*k - 21 = -x. Is x a prime number?
False
Suppose -5*s - 2 = -12. Suppose s*u - 366 = 3*k, -2*u - 3*u - 4*k = -869. Is u a prime number?
False
Let f(s) = 252*s**2 + 1. Is f(1) composite?
True
Let r be 1/(-2) - 75/30. Let v(q) = 3*q**2 + 3*q - 4. Is v(r) a prime number?
False
Let k = 13 - -105. Let g = k - 23. Is g a composite number?
True
Let f = 404 - 113. Is f prime?
False
Suppose 5152 = 6*z - 13058. Is z composite?
True
Suppose 2*l - 129 = 5*n, -3*n + n + 2 = 0. Is l composite?
False
Let g be 4/(16/(-3))*856. Is g/(-4) - (-1)/2 a prime number?
False
Let a(y) = -5664*y + 5. Is a(-1) prime?
True
Let i(j) = -j**2 + 15*j + 4. Let g be i(12). Suppose 4*m - 77 = -4*k - m, 2*m - g = -2*k. Is k a prime number?
True
Let c(o) = 4*o**3 - 3*o**2 + o + o**3 - 2 - 3*o**3. Is c(2) a composite number?
True
Let r be 0 + 2*(0 + 3). Let m be r + -17 - 0/(-1). Let k = m - -21. Is k a prime number?
False
Let d be 3*(0 - (-92)/6). Let p = 67 - d. Is p a composite number?
True
Let g(y) = -y**3 + 6*y**2 - 5*y + 3. Let a be g(5). Is a/(-2*3/(-20)) a prime number?
False
Suppose -3*y + v - 679 = y, 165 = -y + 5*v. Suppose 5*o = -3*f + 981, -o = -0*o. Let d = y + f. Is d a composite numbe